 is divided by -4*(8 - (1001/44 - 8)).
13
Let d = 13 - 87. Let l = 80 + d. What is the remainder when 51 is divided by l?
3
Let x be (1/(-2))/((-4)/88). Suppose 0 = -x*a + 17*a - 426. What is the remainder when a is divided by 8?
7
Let k = -1751 - -1768. What is the remainder when 3058 is divided by k?
15
Let k = 130 + -64. Suppose -5*j + j + 12 = 0. Suppose 5*a + j*p = 1388 - 103, -a + 2*p + 270 = 0. Calculate the remainder when a is divided by k.
62
Let x = -12 - 2. Let d(f) = -f**3 - 16*f**2 - 31*f - 14. Let g be d(x). Let v = g + -21. Calculate the remainder when 32 is divided by v.
4
Let d(g) = -g + 10. Let l be d(6). Calculate the remainder when l*(30/(-10))/(8/(-6)) is divided by 7.
2
Let n(q) = 292*q - 2035. Let x(v) = v + 24. Calculate the remainder when x(0) is divided by n(7).
6
Suppose 15*r = 27*r + 65*r - 104643. Calculate the remainder when r is divided by 338.
7
Let t be 434315/175 + (-1)/(-5). Suppose -2*r = -5*z + 2479, 5*z - 2*r - t = -r. Calculate the remainder when z is divided by 25.
22
Calculate the remainder when -93*31/(-49 - -18) is divided by 9*(-2)/(-2) + 1.
3
Suppose 0 = x + 45 - 11. Let t = -34 - x. Suppose 0*n + 4*l = -n + 10, t = 4*l. Calculate the remainder when n is divided by 4.
2
Let w(i) = -i**2 - 23*i + 86. Calculate the remainder when w(-12) is divided by 20.
18
Suppose 0 = -6*i - 11*i + i + 3984. Calculate the remainder when 3731 is divided by i.
245
Suppose 0 = -3*t - 4*h + 32, -t + h + 0 = 1. What is the remainder when 67*t*(-2)/(-8) is divided by (51/(-9))/(4/(-12))?
16
Let m(o) = -o + 1. Suppose i + 4 = 1, n - 4*i + 185 = 0. Let f = -142 - n. Calculate the remainder when f is divided by m(-7).
7
Suppose 0 = -8*m + 10*m - 44. Let t(f) = -2*f + 62. Calculate the remainder when 29 is divided by t(m).
11
What is the remainder when (-104078)/(-143) - 35 - (1 - 26/22) is divided by 143?
121
Suppose 11*j - 15 + 48 = 0. Let c = 18 + -10. What is the remainder when -7*j/42*4 - -19 is divided by c?
5
What is the remainder when (-3 - -735)*((-19)/(-3) - 3) is divided by 47?
43
Let x = -10 - -15. What is the remainder when -4*(94/(-141) + (-13)/12) is divided by x?
2
Let r(v) = -2*v**3 + 34*v**2 - 9*v + 20. What is the remainder when r(6) is divided by 151?
3
Let d(x) be the first derivative of -x**4/4 + 28*x**3/3 + x**2 - 38*x - 57. Suppose -4*u + 97 = -223. Calculate the remainder when u is divided by d(28).
8
Let t be 18/(-15)*10/(-3) + 0. Let o(i) = 18*i + 23. Suppose -7 - 17 = -h. Calculate the remainder when o(t) is divided by h.
23
Let t(f) = 4*f**2 + 92*f - 517. Suppose -4*z + s = -z - 1154, -4*z = 4*s - 1544. Calculate the remainder when z is divided by t(5).
41
Let i(u) = -u**3 - 9*u**2 - 18*u - 31. Let s be i(-7). Calculate the remainder when 140 is divided by 5 - (s/(-6))/(15/(-720)).
24
Let z = 5790 - 5670. Calculate the remainder when 595 is divided by z.
115
Let r be 4/6*36/8. Suppose 0 = -3*x + f + 15, -r*f = 4*x - 7*f - 28. What is the remainder when x is divided by 1?
0
Calculate the remainder when 771 is divided by 5044/65 - (8/14)/(50/(-35)).
69
Suppose 36 = h + 7*i - 3*i, 3*h + 2*i - 68 = 0. Suppose -4 - h = -6*z. What is the remainder when 5 is divided by (z - -1)*9/15?
2
Let z(f) = -84*f**3 - 115*f - 234. Calculate the remainder when z(-2) is divided by 24.
20
Let j = -180 - -181. Let s = 2 - -12. What is the remainder when ((-236)/8)/(j/(-4)*2) is divided by s?
3
Let a = -7203 - -7349. Calculate the remainder when 2746 is divided by a.
118
Let k be 58/(14/(-14) - (-7)/9). Calculate the remainder when 1/(-3)*(k - -18) is divided by 14.
11
Suppose -5*o + 54 = -h, o - 3*o + 5*h = -40. Let y = 11 - 13. Let a = y - -89. What is the remainder when a is divided by o?
7
Suppose 0 = -2*y - 4*d + 39 + 39, -2*y + 76 = 5*d. What is the remainder when y is divided by (-47 - -59)/((-16)/(-36))?
16
Suppose 0*a + 4*a - 132 = 0. Let m(f) = -f**3 + 8*f**2 + 4*f + 13. Let h be m(11). Let t = h + 437. Calculate the remainder when t is divided by a.
32
Let p(d) = d**3 + 4*d**2 + 11*d + 8. Let z be p(-3). What is the remainder when 37 is divided by (-168)/z - (-3)/(-6)?
7
Calculate the remainder when (788/4)/(-30 - -31) is divided by 16.
5
Suppose -206*d + 205*d = -4*r + 37, 3*r + 3*d - 54 = 0. Calculate the remainder when ((-58)/1)/((-2)/3) is divided by r.
10
Suppose 2*m + 4*m = 25807 + 38255. What is the remainder when m is divided by 15?
12
Let i = -4069 - -4110. What is the remainder when 2786 is divided by i?
39
Let v(y) = y**3 + 2*y**2 - 14*y. Let g be v(3). Let m(b) = 6*b**2 - 6*b + 14. What is the remainder when 97 is divided by m(g)?
47
Suppose 0 = 3*u + 2*a - 64 - 17, 2*a = 3*u - 69. Let x be (8/2 - -4) + -13. What is the remainder when u is divided by (x - (-9)/3) + 11?
7
Suppose 0 = 92*w - 102*w + 4260. Calculate the remainder when w is divided by 84.
6
Let k = -6766 - -6784. What is the remainder when 27 is divided by k?
9
Let z(n) be the first derivative of -n**3 + 7*n**2 + 14*n + 36. Let d be z(6). Calculate the remainder when 132 is divided by (-268)/d - 3/(-15).
24
Suppose b + 4*j - 112 + 10 = 0, 0 = -2*b - 3*j + 184. Calculate the remainder when 1374 is divided by b.
84
Calculate the remainder when 5949 is divided by 91 - (-5 + 5) - ((-8)/2)/2.
90
Let k(q) = 6*q**2 + 3*q - 4. Let y = -393 - -387. What is the remainder when k(y) is divided by 14?
12
Let o(b) = 6*b + 15. Calculate the remainder when 223 - (1 + (-1)/(-1)) is divided by o(10).
71
Calculate the remainder when 4891 is divided by ((-8352)/1218)/(6/(-147)).
19
Let x = 7277 + -7224. What is the remainder when 86 is divided by x?
33
Let m be 9*((-2)/12 - 43/(-86)). Suppose 0 = 3*b, 4*z - m*b - 24 = -4*b. Let l = -1 + 11. Calculate the remainder when l is divided by z.
4
Let q(b) = b**3 - 3*b**2 - b - 2. Let m be q(2). Calculate the remainder when (-698)/(-26) - (m/52 + 0) is divided by 14.
13
Let g(w) = -158*w - 524. What is the remainder when g(-5) is divided by 20?
6
Let u = 7202 - 7160. Calculate the remainder when 14865 is divided by u.
39
Suppose -2*j + 74 = 3*k + 4, 5*j = -4*k + 84. Calculate the remainder when 2 + (281 - (-2 + 1)) is divided by k.
24
Suppose 3*k + 4*v - 232 = 0, -5*k + 4*v - 213 + 589 = 0. Calculate the remainder when 17 is divided by 25/4 - (-57)/k.
3
Let t(y) = y**2 - 44*y - 7. Let g(l) = -2*l**2 + 43*l + 6. Let a(k) = 3*g(k) + 4*t(k). Calculate the remainder when a(-21) is divided by 12.
11
Suppose -344*i + 118487 = 38679. Calculate the remainder when 840 is divided by i.
144
Suppose 196 - 34 = 18*o. What is the remainder when 91 is divided by -95*(3/o - 24/45)?
15
Suppose 1426 + 248 = 7*u + 11*u. What is the remainder when u is divided by 2/(-2) + 2 + 46?
46
Let d(u) = -103*u + 971. What is the remainder when d(9) is divided by 12?
8
Let b = 1239 - 1141. Calculate the remainder when 161 is divided by b.
63
Suppose -434 = 7*b - 182. Calculate the remainder when 90 is divided by (1 - 7)/b - (-275)/6.
44
Suppose -24109 = -213*x - 6430. Let g = 21 + 8. What is the remainder when x is divided by g?
25
Let s = 2108 + -2072. Calculate the remainder when 1150 is divided by s.
34
Let a = -426 + 499. What is the remainder when 251 is divided by a?
32
Suppose -7570*p + 7585*p - 2055 = 0. Calculate the remainder when 2598 is divided by p.
132
Let g(l) = l**2 - l - 2. Let x be g(7). Suppose x + 11 = 17*i. Calculate the remainder when 5 is divided by i.
2
Suppose -2*b - 9 = -3*h + 10, -3*b = 6. Suppose h*m - 3*m = 4*p - 86, -2*m + 2 = 0. Let q = 128 + -43. Calculate the remainder when q is divided by p.
19
Suppose -84 = -4*p + 7*p. Let w = -26 - p. Calculate the remainder when (-392)/(-6) - ((-8)/(-6) - w) is divided by 10.
6
Suppose 5*o - 1 = 9. Suppose -3 = -t - 2*v + v, t + o*v = 3. Suppose t*x - 2*x - 3*n = 114, 79 = x + 4*n. What is the remainder when x is divided by 25?
24
Let b = 218 + -127. Suppose 4*s + 405 = -s. Let p = s - -105. What is the remainder when b is divided by p?
19
Let v(p) = p**3 + 3*p**2 - 2*p - 4. Let u(b) be the second derivative of b**3/3 + 7*b**2 + 13*b. Calculate the remainder when u(-5) is divided by v(-3).
0
Let f(t) = 792*t + 7936. Calculate the remainder when 875 is divided by f(-10).
11
Suppose -5*l + 220 = -5*v, 0 = 145*l - 143*l - 5*v - 145. Suppose 2*s - 14 = 16. What is the rema